ime factors of 899.
29, 31
List the prime factors of 8768.
2, 137
List the prime factors of 5037.
3, 23, 73
What are the prime factors of 1519?
7, 31
What are the prime factors of 3102?
2, 3, 11, 47
What are the prime factors of 7187?
7187
List the prime factors of 1845.
3, 5, 41
What are the prime factors of 80806?
2, 11, 3673
What are the prime factors of 46630?
2, 5, 4663
What are the prime factors of 9288?
2, 3, 43
What are the prime factors of 2252?
2, 563
What are the prime factors of 1239?
3, 7, 59
List the prime factors of 29095.
5, 11, 23
List the prime factors of 1162.
2, 7, 83
List the prime factors of 4745.
5, 13, 73
What are the prime factors of 5639?
5639
List the prime factors of 2522.
2, 13, 97
List the prime factors of 10512.
2, 3, 73
What are the prime factors of 8884?
2, 2221
List the prime factors of 1726.
2, 863
What are the prime factors of 15877?
15877
List the prime factors of 3449.
3449
What are the prime factors of 1122?
2, 3, 11, 17
List the prime factors of 1356.
2, 3, 113
List the prime factors of 1089.
3, 11
What are the prime factors of 2445?
3, 5, 163
What are the prime factors of 9840?
2, 3, 5, 41
List the prime factors of 5585.
5, 1117
What are the prime factors of 1223?
1223
What are the prime factors of 35239?
131, 269
What are the prime factors of 7817?
7817
What are the prime factors of 25051?
13, 41, 47
List the prime factors of 79448.
2, 9931
What are the prime factors of 124646?
2, 62323
What are the prime factors of 14868?
2, 3, 7, 59
List the prime factors of 285.
3, 5, 19
List the prime factors of 19271.
7, 2753
What are the prime factors of 74391?
3, 137, 181
List the prime factors of 10108.
2, 7, 19
What are the prime factors of 13884?
2, 3, 13, 89
What are the prime factors of 4681?
31, 151
What are the prime factors of 12919?
12919
List the prime factors of 2275.
5, 7, 13
List the prime factors of 669.
3, 223
What are the prime factors of 3844?
2, 31
List the prime factors of 98587.
311, 317
What are the prime factors of 889?
7, 127
What are the prime factors of 61952?
2, 11
List the prime factors of 39590.
2, 5, 37, 107
What are the prime factors of 1093?
1093
What are the prime factors of 148?
2, 37
List the prime factors of 8862.
2, 3, 7, 211
What are the prime factors of 14960?
2, 5, 11, 17
List the prime factors of 1509.
3, 503
What are the prime factors of 1299?
3, 433
List the prime factors of 22926.
2, 3, 3821
List the prime factors of 29490.
2, 3, 5, 983
What are the prime factors of 164465?
5, 7, 37, 127
List the prime factors of 5059.
5059
List the prime factors of 16624.
2, 1039
What are the prime factors of 30439?
61, 499
What are the prime factors of 1813?
7, 37
List the prime factors of 1434.
2, 3, 239
What are the prime factors of 10749?
3, 3583
List the prime factors of 579.
3, 193
What are the prime factors of 718?
2, 359
What are the prime factors of 3703?
7, 23
What are the prime factors of 11246?
2, 5623
What are the prime factors of 117283?
17, 6899
List the prime factors of 29570.
2, 5, 2957
What are the prime factors of 325?
5, 13
What are the prime factors of 19871?
31, 641
What are the prime factors of 5885?
5, 11, 107
What are the prime factors of 2782?
2, 13, 107
What are the prime factors of 1216?
2, 19
List the prime factors of 9947.
7, 29
What are the prime factors of 36863?
191, 193
What are the prime factors of 24?
2, 3
What are the prime factors of 17943?
3, 5981
What are the prime factors of 2426?
2, 1213
List the prime factors of 5182.
2, 2591
What are the prime factors of 1577?
19, 83
List the prime factors of 4301.
11, 17, 23
What are the prime factors of 8366?
2, 47, 89
What are the prime factors of 47893?
47, 1019
What are the prime factors of 161795?
5, 32359
What are the prime factors of 753?
3, 251
List the prime factors of 11355.
3, 5, 757
What are the prime factors of 12058?
2, 6029
What are the prime factors of 849?
3, 283
What are the prime factors of 112211?
11, 101
List the prime factors of 15813.
3, 7, 251
List the prime factors of 863.
863
List the prime factors of 47938.
2, 11, 2179
What are the prime factors of 16229?
16229
List the prime factors of 7995.
3, 5, 13, 41
What are the prime factors of 1976?
2, 13, 19
List the prime factors of 111117.
3, 37039
What are the prime factors of 4417?
7, 631
What are the prime factors of 1422?
2, 3, 79
What are the prime factors of 2672?
2, 167
What are the prime factors of 514?
2, 257
What are the prime factors of 494?
2, 13, 19
What are the prime factors of 11845?
5, 23, 103
What are the prime factors of 271?
271
List the prime factors of 3982.
2, 11, 181
List the prime factors of 24028.
2, 6007
What are the prime factors of 2044?
2, 7, 73
What are the prime factors of 1552?
2, 97
What are the prime factors of 81?
3
List the prime factors of 288.
2, 3
List the prime factors of 47096.
2, 7, 29
List the prime factors of 3915.
3, 5, 29
List the prime factors of 3440.
2, 5, 43
What are the prime factors of 38780?
2, 5, 7, 277
What are the prime factors of 3105?
3, 5, 23
What are the prime factors of 1118?
2, 13, 43
What are the prime factors of 20021?
20021
List the prime factors of 54486.
2, 3, 1009
What are the prime factors of 7047?
3, 29
What are the prime factors of 1070?
2, 5, 107
List the prime factors of 35484.
2, 3, 2957
What are the prime factors of 52?
2, 13
What are the prime factors of 2065?
5, 7, 59
What are the prime factors of 88265?
5, 127, 139
List the prime factors of 748.
2, 11, 17
What are the prime factors of 5364?
2, 3, 149
What are the prime factors of 22713?
3, 67, 113
What are the prime factors of 1584?
2, 3, 11
What are the prime factors of 30513?
3, 7, 1453
What are the prime factors of 3910?
2, 5, 17, 23
What are the prime factors of 11160?
2, 3, 5, 31
List the prime factors of 28380.
2, 3, 5, 11, 43
What are the prime factors of 2515?
5, 503
What are the prime factors of 3243?
3, 23, 47
List the prime factors of 10659.
3, 11, 17, 19
List the prime factors of 14095.
5, 2819
What are the prime factors of 128?
2
List the prime factors of 3375.
3, 5
List the prime factors of 2923.
37, 79
What are the prime factors of 2028?
2, 3, 13
What are the prime factors of 7428?
2, 3, 619
What are the prime factors of 3436?
2, 859
List the prime factors of 1527.
3, 509
List the prime factors of 123.
3, 41
List the prime factors of 3330.
2, 3, 5, 37
What are the prime factors of 408?
2, 3, 17
What are the prime factors of 327?
3, 109
List the prime factors of 4091.
4091
List the prime factors of 1716.
2, 3, 11, 13
List the prime factors of 2431.
11, 13, 17
List the prime factors of 795.
3, 5, 53
What are the prime factors of 114098?
2, 89, 641
List the prime factors of 2619.
3, 97
List the prime factors of 241.
241
What are the prime factors of 510?
2, 3, 5, 17
List the prime factors of 15792.
2, 3, 7, 47
What are the prime factors of 735?
3, 5, 7
What are the prime factors of 38659?
67, 577
List the prime factors of 37154.
2, 13, 1429
List the prime factors of 1956.
2, 3, 163
List the prime factors of 1193.
1193
What are the prime factors of 9849?
3, 7, 67
What are the prime factors of 1121?
19, 59
What are the prime factors of 73772?
2, 18443
List the prime factors of 503.
503
List the prime factors of 1106.
2, 7, 79
List the prime factors of 18834.
2, 3, 43, 73
What are the prime factors of 42348?
2, 3, 3529
List the prime factors of 13641.
3, 4547
What are the prime factors of 12226?
2, 6113
List the prime factors of 198.
2, 3, 11
List the prime factors of 4630.
2, 5, 463
List the prime factors of 2653.
7, 379
List the prime factors of 15899.
13, 1223
List the prime factors of 1959.
3, 653
List the prime factors of 41330.
2, 5, 4133
What are the prime factors of 18630?
2, 3, 5, 23
List the prime factors of 88349.
17, 5197
List the prime factors of 2286.
2, 3, 127
What are the prime factors of 1253?
7, 179
What are the prime factors of 55441?
55441
List the prime factors of 6259.
11, 569
List the prime factors of 70852.
2, 17713
List the prime factors of 4803.
3, 1601
What are the prime factors of 1417?
13, 109
List the prime factors of 847.
7, 11
List the prime factors of 561.
3, 11, 17
What are the prime factors of 31239?
3, 13, 89
List the prime factors of 38359.
89, 431
List the pri